{"id":277,"date":"2020-02-09T11:19:37","date_gmt":"2020-02-09T09:19:37","guid":{"rendered":"http:\/\/buceogalatea.com\/buceo\/?page_id=277"},"modified":"2020-04-26T15:04:43","modified_gmt":"2020-04-26T13:04:43","slug":"fedas-buceador-junior","status":"publish","type":"page","link":"https:\/\/buceogalatea.com\/buceo\/fedas-buceador-junior\/","title":{"rendered":"FEDAS BUCEADOR JUNIOR"},"content":{"rendered":"\n<div class=\"wp-block-image\"><figure class=\"aligncenter size-large is-resized\"><img loading=\"lazy\" decoding=\"async\" src=\"http:\/\/buceogalatea.com\/buceo\/wp-content\/uploads\/2020\/02\/BANNER-CURSOS.jpg\" alt=\"\" class=\"wp-image-246\" width=\"1050\" height=\"225\" srcset=\"https:\/\/buceogalatea.com\/buceo\/wp-content\/uploads\/2020\/02\/BANNER-CURSOS.jpg 1400w, https:\/\/buceogalatea.com\/buceo\/wp-content\/uploads\/2020\/02\/BANNER-CURSOS-300x64.jpg 300w, https:\/\/buceogalatea.com\/buceo\/wp-content\/uploads\/2020\/02\/BANNER-CURSOS-768x165.jpg 768w\" sizes=\"(max-width: 1050px) 100vw, 1050px\" \/><\/figure><\/div>\n\n\n\n<h1 class=\"has-text-align-center wp-block-heading\"><strong>BUCEADOR JUNIOR<\/strong><\/h1>\n\n\n\n<p class=\"has-text-align-center\">(C\u00f3digo: BJ)<\/p>\n\n\n\n<p><strong>REQUISITOS:<\/strong><\/p>\n\n\n\n<ul><li><strong>Edad M\u00ednima: 12 a\u00f1os.<\/strong><\/li><li><strong>Certificado M\u00e9dico.<\/strong><\/li><li><strong>Licencia Federativa en vigor.<\/strong><\/li><\/ul>\n\n\n\n<p><strong>&nbsp;(Si la edad m\u00ednima establecida es menor que la edad m\u00ednima estipulada en la legislaci\u00f3n del Estado o de la Comunidad Aut\u00f3noma donde se realice el curso, asi como la profundidad m\u00e1xima es menor que la indicada, se cumplir\u00e1 con la legislaci\u00f3n vigente).<\/strong><\/p>\n\n\n\n<p><strong>ATRIBUCIONES:<\/strong><\/p>\n\n\n\n<ul><li><strong>Realizar inmersiones hasta 20 m. de profundidad, sin entrar en descompresi\u00f3n y acompa\u00f1ado por un buceador tutor.<\/strong><\/li><\/ul>\n\n\n\n<p><strong>(Estas atribuciones son dentro del territorio nacional. En otros pa\u00edses deber\u00e1n ajustarse a la legislaci\u00f3n vigente).<\/strong><\/p>\n\n\n\n<div class=\"wp-block-image\"><figure class=\"aligncenter size-large is-resized\"><img loading=\"lazy\" decoding=\"async\" src=\"http:\/\/buceogalatea.com\/buceo\/wp-content\/uploads\/2020\/02\/Scuba-Diving-for-Kids-PADI-Seal-Team-Phuket-Dive-Tours.jpg\" alt=\"\" class=\"wp-image-354\" width=\"719\" height=\"480\" srcset=\"https:\/\/buceogalatea.com\/buceo\/wp-content\/uploads\/2020\/02\/Scuba-Diving-for-Kids-PADI-Seal-Team-Phuket-Dive-Tours.jpg 719w, https:\/\/buceogalatea.com\/buceo\/wp-content\/uploads\/2020\/02\/Scuba-Diving-for-Kids-PADI-Seal-Team-Phuket-Dive-Tours-300x200.jpg 300w\" sizes=\"(max-width: 719px) 100vw, 719px\" \/><\/figure><\/div>\n\n\n\n<div class=\"wp-block-image\"><figure class=\"aligncenter size-large is-resized\"><img loading=\"lazy\" decoding=\"async\" src=\"http:\/\/buceogalatea.com\/buceo\/wp-content\/uploads\/2020\/02\/BANNER-ESPECIALIDADES-FEDAS.jpg\" alt=\"\" class=\"wp-image-247\" width=\"1050\" height=\"225\" srcset=\"https:\/\/buceogalatea.com\/buceo\/wp-content\/uploads\/2020\/02\/BANNER-ESPECIALIDADES-FEDAS.jpg 1400w, https:\/\/buceogalatea.com\/buceo\/wp-content\/uploads\/2020\/02\/BANNER-ESPECIALIDADES-FEDAS-300x64.jpg 300w, https:\/\/buceogalatea.com\/buceo\/wp-content\/uploads\/2020\/02\/BANNER-ESPECIALIDADES-FEDAS-768x165.jpg 768w\" sizes=\"(max-width: 1050px) 100vw, 1050px\" \/><\/figure><\/div>\n","protected":false},"excerpt":{"rendered":"<p>BUCEADOR JUNIOR (C\u00f3digo: BJ) REQUISITOS: Edad M\u00ednima: 12 a\u00f1os. Certificado M\u00e9dico. Licencia Federativa en vigor. &nbsp;(Si la edad m\u00ednima establecida es menor que la edad m\u00ednima estipulada en la legislaci\u00f3n del Estado o de la Comunidad Aut\u00f3noma donde se realice<\/p>\n","protected":false},"author":1,"featured_media":0,"parent":0,"menu_order":0,"comment_status":"closed","ping_status":"closed","template":"","meta":{"footnotes":""},"_links":{"self":[{"href":"https:\/\/buceogalatea.com\/buceo\/wp-json\/wp\/v2\/pages\/277"}],"collection":[{"href":"https:\/\/buceogalatea.com\/buceo\/wp-json\/wp\/v2\/pages"}],"about":[{"href":"https:\/\/buceogalatea.com\/buceo\/wp-json\/wp\/v2\/types\/page"}],"author":[{"embeddable":true,"href":"https:\/\/buceogalatea.com\/buceo\/wp-json\/wp\/v2\/users\/1"}],"replies":[{"embeddable":true,"href":"https:\/\/buceogalatea.com\/buceo\/wp-json\/wp\/v2\/comments?post=277"}],"version-history":[{"count":5,"href":"https:\/\/buceogalatea.com\/buceo\/wp-json\/wp\/v2\/pages\/277\/revisions"}],"predecessor-version":[{"id":1605,"href":"https:\/\/buceogalatea.com\/buceo\/wp-json\/wp\/v2\/pages\/277\/revisions\/1605"}],"wp:attachment":[{"href":"https:\/\/buceogalatea.com\/buceo\/wp-json\/wp\/v2\/media?parent=277"}],"curies":[{"name":"wp","href":"https:\/\/api.w.org\/{rel}","templated":true}]}}