{"id":344,"date":"2020-02-09T14:05:06","date_gmt":"2020-02-09T12:05:06","guid":{"rendered":"http:\/\/buceogalatea.com\/buceo\/?page_id=344"},"modified":"2020-04-26T17:43:53","modified_gmt":"2020-04-26T15:43:53","slug":"fedas-nivel-1","status":"publish","type":"page","link":"https:\/\/buceogalatea.com\/buceo\/fedas-nivel-1\/","title":{"rendered":"FEDAS NIVEL 1"},"content":{"rendered":"\n<div class=\"wp-block-image\"><figure class=\"aligncenter size-large is-resized\"><img loading=\"lazy\" decoding=\"async\" src=\"http:\/\/buceogalatea.com\/buceo\/wp-content\/uploads\/2020\/02\/BANNER-ESPECIALIDADES-FEDAS.jpg\" alt=\"\" class=\"wp-image-247\" width=\"1050\" height=\"225\" srcset=\"https:\/\/buceogalatea.com\/buceo\/wp-content\/uploads\/2020\/02\/BANNER-ESPECIALIDADES-FEDAS.jpg 1400w, https:\/\/buceogalatea.com\/buceo\/wp-content\/uploads\/2020\/02\/BANNER-ESPECIALIDADES-FEDAS-300x64.jpg 300w, https:\/\/buceogalatea.com\/buceo\/wp-content\/uploads\/2020\/02\/BANNER-ESPECIALIDADES-FEDAS-768x165.jpg 768w\" sizes=\"(max-width: 1050px) 100vw, 1050px\" \/><\/figure><\/div>\n\n\n\n<div style=\"height:39px\" aria-hidden=\"true\" class=\"wp-block-spacer\"><\/div>\n\n\n\n<h4 class=\"wp-block-heading\">Aqui encontrara toda la informaci\u00f3n sobre las titulaciones FEDAS en buceo deportivo de Nivel 1 , para empezar su formaci\u00f3n como buceador y poder disfrutar de este apasionante deporte .<\/h4>\n\n\n\n<h2 class=\"has-text-align-center wp-block-heading\"><strong>NIVEL 1<\/strong><br><strong>Curso de Buceador Deportivo 1 Estrella FEDAS-CMAS<\/strong><\/h2>\n\n\n\n<h4 class=\"has-text-align-left wp-block-heading\"><br>Es el primer Curso de Buceo, que te permitir\u00e1 sumergirte hasta una profundidad m\u00e1xima de \u2013 25 metros en cualquier parte del mundo.<br><br>En BUCEO GALATEA te ense\u00f1amos a disfrutar del fondo del mar con seguridad y mientras que te diviertes desde el primer d\u00eda. Los buceadores que completen satisfactoriamente este curso podr\u00e1n bucear, acompa\u00f1ados por buceadores de mayor titulaci\u00f3n. La titulaci\u00f3n adquirida te dar\u00e1 la posibilidad de disfrutar de esta actividad en cualquier parte del mundo.<br><br>Ademas en este primer nivel podr\u00e1s completar tu formaci\u00f3n con especialidades de buceo seg\u00fan tus intereses de buceo , como el buceo con traje seco para bucear todo el a\u00f1o , Buceo nocturno para inmersiones por la noche , o buceo con nitrox para hacer inmersiones consecutivas entre otras.<\/h4>\n\n\n\n<div style=\"height:41px\" aria-hidden=\"true\" class=\"wp-block-spacer\"><\/div>\n\n\n\n<h2 class=\"has-text-align-center wp-block-heading\">CURSOS Y <strong>ESPECIALIDADES DEL NIVEL 1<\/strong><\/h2>\n\n\n\n<div style=\"height:38px\" aria-hidden=\"true\" class=\"wp-block-spacer\"><\/div>\n\n\n\n<div class=\"wp-block-columns is-layout-flex wp-container-core-columns-is-layout-1 wp-block-columns-is-layout-flex\">\n<div class=\"wp-block-column is-layout-flow wp-block-column-is-layout-flow\">\n<div class=\"wp-block-image\"><figure class=\"aligncenter size-large is-resized\"><a href=\"http:\/\/buceogalatea.com\/buceo\/fedas-buceador-junior\/\"><img loading=\"lazy\" decoding=\"async\" src=\"http:\/\/buceogalatea.com\/buceo\/wp-content\/uploads\/2020\/04\/BOTON-BUCEADOR-JUNIOR.jpg\" alt=\"\" class=\"wp-image-1634\" width=\"400\" height=\"150\" srcset=\"https:\/\/buceogalatea.com\/buceo\/wp-content\/uploads\/2020\/04\/BOTON-BUCEADOR-JUNIOR.jpg 800w, https:\/\/buceogalatea.com\/buceo\/wp-content\/uploads\/2020\/04\/BOTON-BUCEADOR-JUNIOR-300x113.jpg 300w, https:\/\/buceogalatea.com\/buceo\/wp-content\/uploads\/2020\/04\/BOTON-BUCEADOR-JUNIOR-768x288.jpg 768w\" sizes=\"(max-width: 400px) 100vw, 400px\" \/><\/a><figcaption>BUCEADOR JUNIOR<\/figcaption><\/figure><\/div>\n<\/div>\n\n\n\n<div class=\"wp-block-column is-layout-flow wp-block-column-is-layout-flow\">\n<div class=\"wp-block-image\"><figure class=\"aligncenter size-large is-resized\"><a href=\"http:\/\/buceogalatea.com\/buceo\/fedas-buceador-condicionado\/\"><img loading=\"lazy\" decoding=\"async\" src=\"http:\/\/buceogalatea.com\/buceo\/wp-content\/uploads\/2020\/04\/BOTON-BUCEADOR-CONDICIONADO.jpg\" alt=\"\" class=\"wp-image-1635\" width=\"400\" height=\"150\" srcset=\"https:\/\/buceogalatea.com\/buceo\/wp-content\/uploads\/2020\/04\/BOTON-BUCEADOR-CONDICIONADO.jpg 800w, https:\/\/buceogalatea.com\/buceo\/wp-content\/uploads\/2020\/04\/BOTON-BUCEADOR-CONDICIONADO-300x113.jpg 300w, https:\/\/buceogalatea.com\/buceo\/wp-content\/uploads\/2020\/04\/BOTON-BUCEADOR-CONDICIONADO-768x288.jpg 768w\" sizes=\"(max-width: 400px) 100vw, 400px\" \/><\/a><figcaption>BUCEADOR CONDICIONADO<\/figcaption><\/figure><\/div>\n<\/div>\n<\/div>\n\n\n\n<div class=\"wp-block-columns is-layout-flex wp-container-core-columns-is-layout-2 wp-block-columns-is-layout-flex\">\n<div class=\"wp-block-column is-layout-flow wp-block-column-is-layout-flow\">\n<div class=\"wp-block-image\"><figure class=\"aligncenter size-large is-resized\"><a href=\"http:\/\/buceogalatea.com\/buceo\/fedas-buceador-de-1-estrella\/\"><img loading=\"lazy\" decoding=\"async\" src=\"http:\/\/buceogalatea.com\/buceo\/wp-content\/uploads\/2020\/04\/FEDAS-1E.jpg\" alt=\"\" class=\"wp-image-1589\" width=\"180\" height=\"253\" srcset=\"https:\/\/buceogalatea.com\/buceo\/wp-content\/uploads\/2020\/04\/FEDAS-1E.jpg 485w, https:\/\/buceogalatea.com\/buceo\/wp-content\/uploads\/2020\/04\/FEDAS-1E-213x300.jpg 213w\" sizes=\"(max-width: 180px) 100vw, 180px\" \/><\/a><figcaption>BUCEADOR 1 ESTRELLA<\/figcaption><\/figure><\/div>\n<\/div>\n\n\n\n<div class=\"wp-block-column is-layout-flow wp-block-column-is-layout-flow\">\n<div class=\"wp-block-image\"><figure class=\"aligncenter size-large is-resized\"><a href=\"http:\/\/buceogalatea.com\/buceo\/fedas-buceo-con-nitrox\/\"><img loading=\"lazy\" decoding=\"async\" src=\"http:\/\/buceogalatea.com\/buceo\/wp-content\/uploads\/2020\/02\/manual_nit_portada.jpg\" alt=\"\" class=\"wp-image-406\" width=\"179\" height=\"253\"\/><\/a><figcaption>BUCEO CON NITROX<\/figcaption><\/figure><\/div>\n<\/div>\n\n\n\n<div class=\"wp-block-column is-layout-flow wp-block-column-is-layout-flow\">\n<div class=\"wp-block-image\"><figure class=\"aligncenter size-large is-resized\"><a href=\"http:\/\/buceogalatea.com\/buceo\/fedas-buceo-con-traje-seco\/\"><img loading=\"lazy\" decoding=\"async\" src=\"http:\/\/buceogalatea.com\/buceo\/wp-content\/uploads\/2020\/02\/Portada-TS.jpg\" alt=\"\" class=\"wp-image-403\" width=\"200\" height=\"252\" srcset=\"https:\/\/buceogalatea.com\/buceo\/wp-content\/uploads\/2020\/02\/Portada-TS.jpg 400w, https:\/\/buceogalatea.com\/buceo\/wp-content\/uploads\/2020\/02\/Portada-TS-238x300.jpg 238w\" sizes=\"(max-width: 200px) 100vw, 200px\" \/><\/a><figcaption>BUCEO CON TRAJE SECO<\/figcaption><\/figure><\/div>\n<\/div>\n<\/div>\n\n\n\n<div class=\"wp-block-columns is-layout-flex wp-container-core-columns-is-layout-3 wp-block-columns-is-layout-flex\">\n<div class=\"wp-block-column is-layout-flow wp-block-column-is-layout-flow\">\n<div class=\"wp-block-image\"><figure class=\"aligncenter size-large is-resized\"><a href=\"http:\/\/buceogalatea.com\/buceo\/fedas-soporte-vital-basico\/\"><img loading=\"lazy\" decoding=\"async\" src=\"http:\/\/buceogalatea.com\/buceo\/wp-content\/uploads\/2020\/02\/manual_svb_portada.jpg\" alt=\"\" class=\"wp-image-448\" width=\"175\" height=\"251\"\/><\/a><figcaption>SOPORTE VITAL BASICO<\/figcaption><\/figure><\/div>\n<\/div>\n\n\n\n<div class=\"wp-block-column is-layout-flow wp-block-column-is-layout-flow\">\n<div class=\"wp-block-image\"><figure class=\"aligncenter size-large is-resized\"><a href=\"http:\/\/buceogalatea.com\/buceo\/administracion-de-oxigeno\/\"><img loading=\"lazy\" decoding=\"async\" src=\"http:\/\/buceogalatea.com\/buceo\/wp-content\/uploads\/2020\/02\/Portada-AO.jpg\" alt=\"\" class=\"wp-image-393\" width=\"201\" height=\"253\" srcset=\"https:\/\/buceogalatea.com\/buceo\/wp-content\/uploads\/2020\/02\/Portada-AO.jpg 400w, https:\/\/buceogalatea.com\/buceo\/wp-content\/uploads\/2020\/02\/Portada-AO-238x300.jpg 238w\" sizes=\"(max-width: 201px) 100vw, 201px\" \/><\/a><figcaption>ADMINISTRACION DE OXIGENO<\/figcaption><\/figure><\/div>\n<\/div>\n\n\n\n<div class=\"wp-block-column is-layout-flow wp-block-column-is-layout-flow\">\n<div class=\"wp-block-image\"><figure class=\"aligncenter size-large is-resized\"><a href=\"http:\/\/buceogalatea.com\/buceo\/fedas-buceo-nocturno\/\"><img loading=\"lazy\" decoding=\"async\" src=\"http:\/\/buceogalatea.com\/buceo\/wp-content\/uploads\/2020\/02\/manual_bn_portada.jpg\" alt=\"\" class=\"wp-image-446\" width=\"179\" height=\"253\"\/><\/a><figcaption>BUCEO NOCTUCNO<\/figcaption><\/figure><\/div>\n<\/div>\n<\/div>\n\n\n\n<div class=\"wp-block-columns is-layout-flex wp-container-core-columns-is-layout-4 wp-block-columns-is-layout-flex\">\n<div class=\"wp-block-column is-layout-flow wp-block-column-is-layout-flow\">\n<div class=\"wp-block-image\"><figure class=\"aligncenter size-large\"><img loading=\"lazy\" decoding=\"async\" width=\"200\" height=\"283\" src=\"http:\/\/buceogalatea.com\/buceo\/wp-content\/uploads\/2020\/04\/ML-PORTADA-MANUAL.jpg\" alt=\"\" class=\"wp-image-1626\"\/><figcaption>MONTAJE LATERAL<\/figcaption><\/figure><\/div>\n<\/div>\n\n\n\n<div class=\"wp-block-column is-layout-flow wp-block-column-is-layout-flow\">\n<div class=\"wp-block-image\"><figure class=\"aligncenter size-large\"><a href=\"http:\/\/buceogalatea.com\/buceo\/fedas-navegacion-subacuatica\/\"><img loading=\"lazy\" decoding=\"async\" width=\"189\" height=\"267\" src=\"http:\/\/buceogalatea.com\/buceo\/wp-content\/uploads\/2020\/02\/PORTADA-NS.jpg\" alt=\"\" class=\"wp-image-397\"\/><\/a><figcaption>ORIENTACION SUBACUATICA<\/figcaption><\/figure><\/div>\n<\/div>\n\n\n\n<div class=\"wp-block-column is-layout-flow wp-block-column-is-layout-flow\">\n<div class=\"wp-block-image\"><figure class=\"aligncenter size-large is-resized\"><img loading=\"lazy\" decoding=\"async\" src=\"http:\/\/buceogalatea.com\/buceo\/wp-content\/uploads\/2020\/04\/ITT-PORTADA.jpg\" alt=\"\" class=\"wp-image-1627\" width=\"224\" height=\"243\"\/><figcaption>INTROTEC<\/figcaption><\/figure><\/div>\n<\/div>\n<\/div>\n\n\n\n<div class=\"wp-block-image\"><figure class=\"aligncenter size-full is-resized\"><img loading=\"lazy\" decoding=\"async\" src=\"http:\/\/buceogalatea.com\/buceo\/wp-content\/uploads\/2020\/02\/plan-formativo-fedas.jpg\" alt=\"\" class=\"wp-image-243\" width=\"721\" height=\"539\" srcset=\"https:\/\/buceogalatea.com\/buceo\/wp-content\/uploads\/2020\/02\/plan-formativo-fedas.jpg 961w, https:\/\/buceogalatea.com\/buceo\/wp-content\/uploads\/2020\/02\/plan-formativo-fedas-300x224.jpg 300w, https:\/\/buceogalatea.com\/buceo\/wp-content\/uploads\/2020\/02\/plan-formativo-fedas-768x575.jpg 768w\" sizes=\"(max-width: 721px) 100vw, 721px\" \/><\/figure><\/div>\n\n\n\n<div class=\"wp-block-image\"><figure class=\"aligncenter size-large is-resized\"><img loading=\"lazy\" decoding=\"async\" src=\"http:\/\/buceogalatea.com\/buceo\/wp-content\/uploads\/2020\/02\/BANNER-CURSOS.jpg\" alt=\"\" class=\"wp-image-246\" width=\"1050\" height=\"225\" srcset=\"https:\/\/buceogalatea.com\/buceo\/wp-content\/uploads\/2020\/02\/BANNER-CURSOS.jpg 1400w, https:\/\/buceogalatea.com\/buceo\/wp-content\/uploads\/2020\/02\/BANNER-CURSOS-300x64.jpg 300w, https:\/\/buceogalatea.com\/buceo\/wp-content\/uploads\/2020\/02\/BANNER-CURSOS-768x165.jpg 768w\" sizes=\"(max-width: 1050px) 100vw, 1050px\" \/><\/figure><\/div>\n","protected":false},"excerpt":{"rendered":"<p>Aqui encontrara toda la informaci\u00f3n sobre las titulaciones FEDAS en buceo deportivo de Nivel 1 , para empezar su formaci\u00f3n como buceador y poder disfrutar de este apasionante deporte . NIVEL 1Curso de Buceador Deportivo 1 Estrella FEDAS-CMAS Es el<\/p>\n","protected":false},"author":1,"featured_media":0,"parent":0,"menu_order":0,"comment_status":"closed","ping_status":"closed","template":"","meta":{"footnotes":""},"_links":{"self":[{"href":"https:\/\/buceogalatea.com\/buceo\/wp-json\/wp\/v2\/pages\/344"}],"collection":[{"href":"https:\/\/buceogalatea.com\/buceo\/wp-json\/wp\/v2\/pages"}],"about":[{"href":"https:\/\/buceogalatea.com\/buceo\/wp-json\/wp\/v2\/types\/page"}],"author":[{"embeddable":true,"href":"https:\/\/buceogalatea.com\/buceo\/wp-json\/wp\/v2\/users\/1"}],"replies":[{"embeddable":true,"href":"https:\/\/buceogalatea.com\/buceo\/wp-json\/wp\/v2\/comments?post=344"}],"version-history":[{"count":13,"href":"https:\/\/buceogalatea.com\/buceo\/wp-json\/wp\/v2\/pages\/344\/revisions"}],"predecessor-version":[{"id":1654,"href":"https:\/\/buceogalatea.com\/buceo\/wp-json\/wp\/v2\/pages\/344\/revisions\/1654"}],"wp:attachment":[{"href":"https:\/\/buceogalatea.com\/buceo\/wp-json\/wp\/v2\/media?parent=344"}],"curies":[{"name":"wp","href":"https:\/\/api.w.org\/{rel}","templated":true}]}}