{"id":364,"date":"2020-02-09T14:48:24","date_gmt":"2020-02-09T12:48:24","guid":{"rendered":"http:\/\/buceogalatea.com\/buceo\/?page_id=364"},"modified":"2020-04-26T15:08:44","modified_gmt":"2020-04-26T13:08:44","slug":"fedas-instructor-2-estrellas","status":"publish","type":"page","link":"https:\/\/buceogalatea.com\/buceo\/fedas-instructor-2-estrellas\/","title":{"rendered":"FEDAS INSTRUCTOR 2 ESTRELLAS"},"content":{"rendered":"\n<div class=\"wp-block-image\"><figure class=\"aligncenter size-large is-resized\"><img loading=\"lazy\" decoding=\"async\" src=\"http:\/\/buceogalatea.com\/buceo\/wp-content\/uploads\/2020\/02\/BANNER-CURSOS.jpg\" alt=\"\" class=\"wp-image-246\" width=\"1050\" height=\"225\" srcset=\"https:\/\/buceogalatea.com\/buceo\/wp-content\/uploads\/2020\/02\/BANNER-CURSOS.jpg 1400w, https:\/\/buceogalatea.com\/buceo\/wp-content\/uploads\/2020\/02\/BANNER-CURSOS-300x64.jpg 300w, https:\/\/buceogalatea.com\/buceo\/wp-content\/uploads\/2020\/02\/BANNER-CURSOS-768x165.jpg 768w\" sizes=\"(max-width: 1050px) 100vw, 1050px\" \/><\/figure><\/div>\n\n\n\n<h2 class=\"has-text-align-center wp-block-heading\"><strong>INSTRUCTOR NACIONAL de BUCEO<\/strong><\/h2>\n\n\n\n<h2 class=\"has-text-align-center wp-block-heading\">2<strong> ESTRELLAS<\/strong><\/h2>\n\n\n\n<h4 class=\"has-text-align-center wp-block-heading\"><strong>(C\u00f3digo: IN2E)<\/strong><\/h4>\n\n\n\n<div class=\"wp-block-image\"><figure class=\"aligncenter size-large is-resized\"><img loading=\"lazy\" decoding=\"async\" src=\"http:\/\/buceogalatea.com\/buceo\/wp-content\/uploads\/2020\/02\/OblongShockedCow-size_restricted.gif\" alt=\"\" class=\"wp-image-340\" width=\"100\" height=\"91\"\/><\/figure><\/div>\n\n\n\n<div class=\"wp-block-image\"><figure class=\"aligncenter size-large is-resized\"><img loading=\"lazy\" decoding=\"async\" src=\"http:\/\/buceogalatea.com\/buceo\/wp-content\/uploads\/2020\/02\/OblongShockedCow-size_restricted.gif\" alt=\"\" class=\"wp-image-340\" width=\"100\" height=\"91\"\/><\/figure><\/div>\n\n\n\n<p><strong>REQUISITOS:<\/strong><\/p>\n\n\n\n<ul><li>Edad minima: 18 a\u00f1os.<\/li><li>Certificado M\u00e9dico.<\/li><li>Licencia Federativa vigente.<\/li><li>Estar en posesi\u00f3n del titulo de Instructor Nacional&nbsp;de Buceo&nbsp;Una Estrella.<\/li><li>Experiencia docente que establece la Circular 5\/2019 de la Escuela Nacional de Buceo Aut\u00f3nomo Deportivo.<\/li><\/ul>\n\n\n\n<div class=\"wp-block-image\"><figure class=\"aligncenter size-large is-resized\"><img loading=\"lazy\" decoding=\"async\" src=\"http:\/\/buceogalatea.com\/buceo\/wp-content\/uploads\/2020\/02\/CMAS-I2E.jpg\" alt=\"\" class=\"wp-image-361\" width=\"380\" height=\"240\" srcset=\"https:\/\/buceogalatea.com\/buceo\/wp-content\/uploads\/2020\/02\/CMAS-I2E.jpg 506w, https:\/\/buceogalatea.com\/buceo\/wp-content\/uploads\/2020\/02\/CMAS-I2E-300x190.jpg 300w\" sizes=\"(max-width: 380px) 100vw, 380px\" \/><\/figure><\/div>\n\n\n\n<p>&nbsp;<strong>ATRIBUCIONES:<\/strong><\/p>\n\n\n\n<ul><li>Organizar, impartir y dirigir cursos de Buceador una, dos y tres estrellas.<\/li><li>Organizar, impartir y dirigir cursos de las especialidades que posea.<\/li><li>Organizar actividades de descubrimiento de buceo deportivo (Bautismos de buceo).<\/li><\/ul>\n\n\n\n<div class=\"wp-block-image\"><figure class=\"aligncenter size-large is-resized\"><img loading=\"lazy\" decoding=\"async\" src=\"http:\/\/buceogalatea.com\/buceo\/wp-content\/uploads\/2020\/02\/instructor-de-buceo-padi.jpg\" alt=\"\" class=\"wp-image-369\" width=\"450\" height=\"300\" srcset=\"https:\/\/buceogalatea.com\/buceo\/wp-content\/uploads\/2020\/02\/instructor-de-buceo-padi.jpg 600w, https:\/\/buceogalatea.com\/buceo\/wp-content\/uploads\/2020\/02\/instructor-de-buceo-padi-300x200.jpg 300w\" sizes=\"(max-width: 450px) 100vw, 450px\" \/><\/figure><\/div>\n\n\n\n<div class=\"wp-block-image\"><figure class=\"aligncenter size-large is-resized\"><img loading=\"lazy\" decoding=\"async\" src=\"http:\/\/buceogalatea.com\/buceo\/wp-content\/uploads\/2020\/02\/BANNER-ESPECIALIDADES-FEDAS.jpg\" alt=\"\" class=\"wp-image-247\" width=\"1050\" height=\"225\" srcset=\"https:\/\/buceogalatea.com\/buceo\/wp-content\/uploads\/2020\/02\/BANNER-ESPECIALIDADES-FEDAS.jpg 1400w, https:\/\/buceogalatea.com\/buceo\/wp-content\/uploads\/2020\/02\/BANNER-ESPECIALIDADES-FEDAS-300x64.jpg 300w, https:\/\/buceogalatea.com\/buceo\/wp-content\/uploads\/2020\/02\/BANNER-ESPECIALIDADES-FEDAS-768x165.jpg 768w\" sizes=\"(max-width: 1050px) 100vw, 1050px\" \/><\/figure><\/div>\n","protected":false},"excerpt":{"rendered":"<p>INSTRUCTOR NACIONAL de BUCEO 2 ESTRELLAS (C\u00f3digo: IN2E) REQUISITOS: Edad minima: 18 a\u00f1os. Certificado M\u00e9dico. Licencia Federativa vigente. Estar en posesi\u00f3n del titulo de Instructor Nacional&nbsp;de Buceo&nbsp;Una Estrella. Experiencia docente que establece la Circular 5\/2019 de la Escuela Nacional de<\/p>\n","protected":false},"author":1,"featured_media":0,"parent":0,"menu_order":0,"comment_status":"closed","ping_status":"closed","template":"","meta":{"footnotes":""},"_links":{"self":[{"href":"https:\/\/buceogalatea.com\/buceo\/wp-json\/wp\/v2\/pages\/364"}],"collection":[{"href":"https:\/\/buceogalatea.com\/buceo\/wp-json\/wp\/v2\/pages"}],"about":[{"href":"https:\/\/buceogalatea.com\/buceo\/wp-json\/wp\/v2\/types\/page"}],"author":[{"embeddable":true,"href":"https:\/\/buceogalatea.com\/buceo\/wp-json\/wp\/v2\/users\/1"}],"replies":[{"embeddable":true,"href":"https:\/\/buceogalatea.com\/buceo\/wp-json\/wp\/v2\/comments?post=364"}],"version-history":[{"count":5,"href":"https:\/\/buceogalatea.com\/buceo\/wp-json\/wp\/v2\/pages\/364\/revisions"}],"predecessor-version":[{"id":1616,"href":"https:\/\/buceogalatea.com\/buceo\/wp-json\/wp\/v2\/pages\/364\/revisions\/1616"}],"wp:attachment":[{"href":"https:\/\/buceogalatea.com\/buceo\/wp-json\/wp\/v2\/media?parent=364"}],"curies":[{"name":"wp","href":"https:\/\/api.w.org\/{rel}","templated":true}]}}