{"id":405,"date":"2020-02-09T15:34:38","date_gmt":"2020-02-09T13:34:38","guid":{"rendered":"http:\/\/buceogalatea.com\/buceo\/?page_id=405"},"modified":"2020-04-26T15:05:24","modified_gmt":"2020-04-26T13:05:24","slug":"fedas-buceo-con-nitrox","status":"publish","type":"page","link":"https:\/\/buceogalatea.com\/buceo\/fedas-buceo-con-nitrox\/","title":{"rendered":"FEDAS BUCEO CON NITROX"},"content":{"rendered":"\n<div class=\"wp-block-image\"><figure class=\"aligncenter size-large is-resized\"><img loading=\"lazy\" decoding=\"async\" src=\"http:\/\/buceogalatea.com\/buceo\/wp-content\/uploads\/2020\/02\/BANNER-ESPECIALIDADES-FEDAS.jpg\" alt=\"\" class=\"wp-image-247\" width=\"1050\" height=\"225\" srcset=\"https:\/\/buceogalatea.com\/buceo\/wp-content\/uploads\/2020\/02\/BANNER-ESPECIALIDADES-FEDAS.jpg 1400w, https:\/\/buceogalatea.com\/buceo\/wp-content\/uploads\/2020\/02\/BANNER-ESPECIALIDADES-FEDAS-300x64.jpg 300w, https:\/\/buceogalatea.com\/buceo\/wp-content\/uploads\/2020\/02\/BANNER-ESPECIALIDADES-FEDAS-768x165.jpg 768w\" sizes=\"(max-width: 1050px) 100vw, 1050px\" \/><\/figure><\/div>\n\n\n\n<h2 class=\"has-text-align-center wp-block-heading\"><strong>BUCEO CON NITROX<\/strong><\/h2>\n\n\n\n<h4 class=\"has-text-align-center wp-block-heading\">(Codigo: NIT)<\/h4>\n\n\n\n<p><strong>REQUISITOS<\/strong><\/p>\n\n\n\n<ul><li>Edad minima: 16 a\u00f1os.<\/li><li>Certificado M\u00e9dico.<\/li><li>Licencia Federativa vigente.<\/li><li>Estar en posesi\u00f3n del titulo de Buceador Una Estrella o equivalente.<\/li><\/ul>\n\n\n\n<p>(estos requisitos estar\u00e1n sujetos a la legislaci\u00f3n nacional o auton\u00f3mica)<\/p>\n\n\n\n<p><strong>ATRIBUCIONES<\/strong><\/p>\n\n\n\n<ul><li>Aplicar las t\u00e9cnicas de buceo y protocolos de seguridad en inmersiones realizadas con mezcla nitrox no superior al 40% de oxigeno.<\/li><\/ul>\n\n\n\n<p>(Estas atribuciones son dentro del territorio nacional. En otros pa\u00edses deber\u00e1n ajustarse a la legislaci\u00f3n vigente)<\/p>\n\n\n\n<div class=\"wp-block-image\"><figure class=\"aligncenter\"><a href=\"http:\/\/www.fcdas.com\/FCDAS_Web\/wp-content\/uploads\/2019\/12\/Manual-Nitrox.jpg\"><img decoding=\"async\" src=\"http:\/\/www.fcdas.com\/FCDAS_Web\/wp-content\/uploads\/2019\/12\/Manual-Nitrox-300x189.jpg\" alt=\"\" class=\"wp-image-6528\"\/><\/a><\/figure><\/div>\n\n\n\n<p><strong>RESUMEN:<\/strong><\/p>\n\n\n\n<ul><li>El uso de mezclas de aire enriquecido de Ox\u00edgeno en nuestras inmersiones, conocidas como Nitrox, favorece al rendimiento del buceador, reduce el cansancio y sobre todo reduce los riesgos de los efectos de la acumulaci\u00f3n de nitr\u00f3geno en nuestros tejidos, siempre y cuando se respeten los tiempos recomendados para cada mezcla.&nbsp;Con el curso de Buceo con Nitrox FEDAS, conocer\u00e1s cuales son las mezclas enriquecidas de ox\u00edgeno m\u00e1s id\u00f3neas para cada profundidad, as\u00ed como las normas de seguridad a tener en cuenta tanto en las inmersiones con mezclas Nitrox como con los materiales para el uso de las mismas.<\/li><\/ul>\n\n\n\n<div class=\"wp-block-image\"><figure class=\"aligncenter size-large is-resized\"><img loading=\"lazy\" decoding=\"async\" src=\"http:\/\/buceogalatea.com\/buceo\/wp-content\/uploads\/2020\/02\/manual_nit_portada.jpg\" alt=\"\" class=\"wp-image-406\" width=\"264\" height=\"374\"\/><\/figure><\/div>\n\n\n\n<div class=\"wp-block-image\"><figure class=\"aligncenter size-large is-resized\"><img loading=\"lazy\" decoding=\"async\" src=\"http:\/\/buceogalatea.com\/buceo\/wp-content\/uploads\/2020\/02\/BANNER-ESPECIALIDADES-FEDAS.jpg\" alt=\"\" class=\"wp-image-247\" width=\"1050\" height=\"225\" srcset=\"https:\/\/buceogalatea.com\/buceo\/wp-content\/uploads\/2020\/02\/BANNER-ESPECIALIDADES-FEDAS.jpg 1400w, https:\/\/buceogalatea.com\/buceo\/wp-content\/uploads\/2020\/02\/BANNER-ESPECIALIDADES-FEDAS-300x64.jpg 300w, https:\/\/buceogalatea.com\/buceo\/wp-content\/uploads\/2020\/02\/BANNER-ESPECIALIDADES-FEDAS-768x165.jpg 768w\" sizes=\"(max-width: 1050px) 100vw, 1050px\" \/><\/figure><\/div>\n","protected":false},"excerpt":{"rendered":"<p>BUCEO CON NITROX (Codigo: NIT) REQUISITOS Edad minima: 16 a\u00f1os. Certificado M\u00e9dico. Licencia Federativa vigente. Estar en posesi\u00f3n del titulo de Buceador Una Estrella o equivalente. (estos requisitos estar\u00e1n sujetos a la legislaci\u00f3n nacional o auton\u00f3mica) ATRIBUCIONES Aplicar las t\u00e9cnicas<\/p>\n","protected":false},"author":1,"featured_media":0,"parent":0,"menu_order":0,"comment_status":"closed","ping_status":"closed","template":"","meta":{"footnotes":""},"_links":{"self":[{"href":"https:\/\/buceogalatea.com\/buceo\/wp-json\/wp\/v2\/pages\/405"}],"collection":[{"href":"https:\/\/buceogalatea.com\/buceo\/wp-json\/wp\/v2\/pages"}],"about":[{"href":"https:\/\/buceogalatea.com\/buceo\/wp-json\/wp\/v2\/types\/page"}],"author":[{"embeddable":true,"href":"https:\/\/buceogalatea.com\/buceo\/wp-json\/wp\/v2\/users\/1"}],"replies":[{"embeddable":true,"href":"https:\/\/buceogalatea.com\/buceo\/wp-json\/wp\/v2\/comments?post=405"}],"version-history":[{"count":4,"href":"https:\/\/buceogalatea.com\/buceo\/wp-json\/wp\/v2\/pages\/405\/revisions"}],"predecessor-version":[{"id":1608,"href":"https:\/\/buceogalatea.com\/buceo\/wp-json\/wp\/v2\/pages\/405\/revisions\/1608"}],"wp:attachment":[{"href":"https:\/\/buceogalatea.com\/buceo\/wp-json\/wp\/v2\/media?parent=405"}],"curies":[{"name":"wp","href":"https:\/\/api.w.org\/{rel}","templated":true}]}}